)/(h/(-6))?
8
Suppose 0 = -11*y + 36242 + 38327. What is the hundreds digit of y?
7
Let m(v) = 26*v**2 - 3474*v - 226. What is the ten thousands digit of m(137)?
1
Let h(m) = -73*m - 132. Let w be (14/(-5) - (-16)/20) + -8. What is the tens digit of h(w)?
9
Let h(z) = z**2 + z - 1. Let k(w) = -8*w**3 - 8*w**2 - 7*w + 3. Let q(j) = -4*h(j) - k(j). Let o be q(-3). What is the tens digit of o/((-3 + 0)/3*2)?
9
Suppose -25*z = -y - 29*z + 1572, -2*y = -z - 3108. What is the thousands digit of y?
1
Let s(o) = 34*o**3 - 12*o**2 - 22*o + 68. What is the hundreds digit of s(7)?
9
Let i = 245 + -450. Let a = 212 + i. What is the units digit of a?
7
What is the tens digit of 247480/15*30/20?
4
Let l(h) = -5*h**2 - 85*h + 2. Suppose -5*g = -2*u + 35, u - 59 + 19 = 5*g. What is the tens digit of l(g)?
6
Suppose -1618 = -3*m - 4*g, 5*g + 2157 = 4*m + 10*g. Suppose w - 2*u = -7*u + m, 0 = -2*w - 2*u + 1100. What is the units digit of w?
3
What is the units digit of (-29)/116 - 4/(64/(-494036))?
7
Let r = 25371 - 14892. What is the ten thousands digit of r?
1
Let m = 17042 - 11102. What is the hundreds digit of m?
9
Let m = 67 - 61. Suppose m*o + 45 = 945. What is the hundreds digit of o?
1
Let o(c) = 2*c**2 + 15*c - 20. Suppose 9*l - 37 + 1 = 0. Let n = -21 + l. What is the hundreds digit of o(n)?
3
Let x(d) be the second derivative of -d**4/12 - 8*d**3 + 77*d**2/2 + 4*d + 9. What is the hundreds digit of x(-24)?
6
Let v(f) = 82*f - 1318. What is the hundreds digit of v(92)?
2
Suppose 5*l + 799 = 15739. Suppose -4*y - 3*r + l = 0, 5*y + 4*r - 2904 - 831 = 0. What is the units digit of y?
7
Let u = -40 - -58. Suppose 3*j = u + 6. Suppose 2*b + 3*w = 157, 3*b + 3*w = j*b - 424. What is the tens digit of b?
8
Suppose 286834 - 1225228 = -516*v + 294*v. What is the tens digit of v?
2
Let s(h) = h + 1. Let a be s(4). Suppose -z = z - 3*d - 29, -a*d = -4*z + 53. Let j(i) = -i**3 + 7*i**2 + 8*i + 5. What is the tens digit of j(z)?
6
Suppose 82*v - 69304 = 162674. What is the units digit of v?
9
Let y = 11947 - 11659. What is the hundreds digit of y?
2
Suppose 5*v = 8*g - 94647, 134*g + 23663 = 136*g - v. What is the hundreds digit of g?
8
Suppose -z + 8130 + 6886 = -3*j, 0 = -3*j - 21. What is the thousands digit of z?
4
Let k be 2/(-4)*-10 + 2. Let x(b) = 0*b**3 - 5422*b + 5420*b - 7 - b**3 + 9*b**2. What is the tens digit of x(k)?
7
Suppose 3*j = -2*j. Suppose -34 = -3*r + 5*u - 7, 5*r + 3*u - 45 = 0. Suppose -r*a + 5*a + 68 = j. What is the tens digit of a?
1
Let k(r) = -301*r**2 + 299*r**2 - 27 - 46*r - 11. What is the units digit of k(-18)?
2
Let y(u) = 2*u**2 + 7*u + 40. Suppose 31*m + 241 = -534. What is the tens digit of y(m)?
1
Let a(b) = -2*b**3 - 26*b**2 - 23*b + 14. Let c be a(-12). What is the units digit of -5*95/(-25)*8*c?
4
Let i = 1854 - -5903. What is the hundreds digit of i?
7
Let x(k) = -37*k**3 + 3*k**2 + 4*k + 5. Let a be x(-2). Suppose -3*s + 181 = t, 0*s = 5*s + t - a. Let u = s + -45. What is the tens digit of u?
1
What is the units digit of (-20777 - 109)/((7/2)/(-7))?
2
Suppose -40 = 14*u - 19*u. Let h be ((-497)/14)/(2/u). Let v = -59 - h. What is the tens digit of v?
8
Suppose -2*t + 3*d = -5, 0 = -5*t + 6*t + 2*d - 6. What is the tens digit of t/10 + (-33102)/(-45)?
3
Let i = 547 + 176. Let p = -512 + i. Suppose 5*y = -5, 4*w + y + 0*y - p = 0. What is the units digit of w?
3
Suppose 4 = m - 2*m. Let v be (-1026)/m + (-5)/10. Suppose 0 = -4*n - 2*x + v, 3*x + 183 = 4*n - n. What is the units digit of n?
3
Let d(l) = 4*l**2 + 25*l - 1073. What is the tens digit of d(40)?
2
Suppose 68*u - 66*u - 44348 = 0. What is the hundreds digit of u?
1
Suppose -46*k + 18*k = 11312. Let m = -259 - k. What is the tens digit of m?
4
Let j = -2038 - -4334. Suppose 25*d = 23*d + j. What is the tens digit of d?
4
Suppose -33 = -c + q + 12, 4*c + 2*q = 162. What is the units digit of c/189 + (-5173)/(-9)?
5
Let p = 49 - 48. Let m = 92 - p. Suppose 0 = 2*b - 13 - m. What is the tens digit of b?
5
Let o(l) = -4*l - 58. Let m be o(-16). What is the tens digit of 97 - 3 - (0 - m)?
0
Let c(m) be the second derivative of m**4/12 - m**3/6 + 105*m**2 - m. Let d = -1529 + 1529. What is the tens digit of c(d)?
1
Let c(s) = 1354*s**2 - 110*s + 438. What is the ten thousands digit of c(4)?
2
Suppose 66 = -2*p + 5*m, -28*m + 26 = -p - 29*m. Let l be (-3)/(-9) - 60/(-9). What is the tens digit of 948/l - (-12)/p?
3
Let o be (-47)/3*6/4*4. Let z = 232 - o. What is the units digit of z?
6
Let j(t) = 23*t - 4. Let m be j(3). Suppose 0 = -2*b + 5*v - 75, -2*b + 2*v = -5*b - m. Let i = b + 83. What is the units digit of i?
8
Suppose -7*d + 2*d + 2*u - 466 = 0, u = -2*d - 190. Let f = 102 + d. Suppose -f*l + 588 = -740. What is the hundreds digit of l?
1
Let r(a) = -7*a**3 - 3*a**2 + 3*a - 6. Let t(j) = j**3 - 6*j**2 - 2*j + 8. Let u be t(6). What is the tens digit of r(u)?
8
Suppose -5*c + 6*b - 2*b = 4284, 0 = -c - 2*b - 868. Let x = -447 - c. What is the units digit of x?
3
Let g = 11909 + -3883. What is the thousands digit of g?
8
Suppose -286 = 8*y - 102. Let s(k) = 2*k**2 + 37*k + 86. What is the hundreds digit of s(y)?
2
Let h(n) = 657*n + 194. What is the tens digit of h(5)?
7
Suppose -2*f + 20 = 20. What is the tens digit of -2 + 4 + (f + 5 - -489)?
9
Let g be (1748 - 5*(-3)/(-15)) + 4. Let m = g - 1165. What is the hundreds digit of m?
5
Let v = -441 + 850. Suppose -418 = -3*z - 4*d, 3*z + 5*d = 4 + v. What is the units digit of z?
6
Suppose 3*l - l = -16. Let t(w) = 14*w**2 + 34*w + 4. Let b be t(l). Suppose 103*q - 105*q + b = 0. What is the tens digit of q?
1
Suppose -33886 = -52*g + 11666. What is the hundreds digit of g?
8
Let h(v) = 4*v**3 + 3*v**2 - 4*v - 2. Let p be h(4). Let b = p + -169. What is the hundreds digit of b?
1
Let t(q) = -76*q**2 - 81*q**2 - q + 1 + 149*q**2. Let g be t(1). What is the units digit of (4*(-3)/g)/((-6)/(-344))?
6
Let w = 6 - 4. Suppose -w*k + 4 = b - k, b = -3*k + 10. What is the hundreds digit of (-10)/b*(-54)/4?
1
Suppose -4*b - 19 = -19. Suppose b = 3*j - 3*m - 3, -2*m - 4 = -m. What is the tens digit of (-199)/j - 24/72?
6
Let v(b) = b**2 - b - 8. Let t be v(9). Let c = 32 - t. Let o = 150 + c. What is the hundreds digit of o?
1
Let w be 74/26 - (-1 - 33/(-39)). Let j = -42 + 81. What is the hundreds digit of w - 16/(-6)*(j + 3)?
1
Suppose -56*q = -72164 + 6252. What is the units digit of q?
7
Suppose -u + 2*l = -78, 166 = 2*u - 2*l - 0*l. Suppose -u = -6*n + 2*n. What is the tens digit of 2764/44 + 4/n?
6
Let x(h) = h**2 + 2*h - 1. Let v be x(-3). Suppose -5*n + 2000 = -5*m, -n + 1582 = 3*n + v*m. What is the tens digit of n?
9
Suppose 2*c - 3*c = -5. Suppose -4*j + 2769 = -c*r, 3*j + 7*r = 4*r + 2043. Suppose 242 - j = -6*z. What is the units digit of z?
4
Let a(p) = -4*p - 28. Let s be a(-8). Suppose r = -s*y - 0*r + 240, -5*r = -2*y + 98. Suppose -h = 2*d - 111, -3*h - y = -2*d + d. What is the tens digit of d?
5
Let c(j) = -j**3 + 13*j**2 - 22*j - 2. Let x be (22/(-3))/((-6)/9). Let t be c(x). What is the tens digit of 25 - ((t - -4) + -3)?
2
Let o be (-3 - 60/(-25))/((-1)/5). Suppose 3*h - d - 277 = 144, 2*d - 418 = -o*h. What is the hundreds digit of h?
1
Let g = -13 + 57. Suppose -17*h + 19*h = g. Suppose 4*p = 14 + h. What is the units digit of p?
9
Suppose -8*g = -5*g - 18252. What is the thousands digit of g?
6
Let v = 81 + -24. Let u = v + -51. What is the units digit of (86/u)/((-4)/(-12))?
3
Let v(o) be the third derivative of -11*o**4/24 - 8*o**3 + 2*o**2. Let l be 2 + (-2 + 3)*-13. What is the tens digit of v(l)?
7
What is the ten thousands digit of 3*(0 + (-7)/42*-33188)?
1
Suppose 26 = 21*w - 8*w. Suppose 396 = -w*c + c + 3*g, 2*g + 10 = 0. Let o = c + 585. What is the tens digit of o?
7
Let a(i) = -i**3 + 5*i**2 + 9*i - 22. Let m be a(6). What is the units digit of (m*1/10)/((-4)/12830)?
3
Let t = -313 + 316. Suppose 0 = 5*v, t*o - 5*v - 1683 = -8*v. What is the tens digit of o?
6
Let l(f) = 9*f**2 + 19*f + 64. What is the thousands digit of l(-17)?
2
Let g(t) = -2*t + 15. Let n be g(7). What is the hundreds digit of (-2)/4*6 + (n - -185)?
1
Suppose 26*t = 52 + 52. Suppose -746 = -2*a + 4*m, 2*a + t*m - 699 = 71. What is the tens digit of a?
7
Suppose c + 4*y = -9, -5*c + 12 = -2*y - 9. Suppose -5*s - 